{"id":282,"date":"2020-05-20T13:52:55","date_gmt":"2020-05-20T11:52:55","guid":{"rendered":"http:\/\/scriptores.pl\/hortus\/?page_id=282"},"modified":"2020-05-20T14:14:29","modified_gmt":"2020-05-20T12:14:29","slug":"spotkanie-21-xxi","status":"publish","type":"page","link":"https:\/\/scriptores.pl\/hortus\/archiwum\/spotkanie-21-xxi\/","title":{"rendered":"Spotkanie XXI"},"content":{"rendered":"<p><\/p>\n<header class=\"entry-header\">\n<h1 class=\"entry-title\">Czas<\/h1>\n<\/header>\n<div class=\"entry-content\">\n<p>6 grudnia 2019 r., godz. 13<\/p>\n<h3>Program<\/h3>\n<p class=\"western\">Marian Wolski<\/p>\n<ul>\n<li>\n<p class=\"western\">O komesie Brzezdomie, \u0142awce i dw\u00f3ch paniach czyli o kryterium imionowym w badaniach genealogicznych<\/p>\n<\/li>\n<\/ul>\n<h3>Streszczenie<\/h3>\n<p class=\"western\" align=\"justify\">W 1509 roku wybuch\u0142 konflikt mi\u0119dzy dwiema szlachciankami o prawo zasiadania w \u0142awce kolatorskiej w ko\u015bciele w So\u0144sku w ziemi ciechanowskiej na Mazowszu. Argumentacja stron i wyrok biskupa p\u0142ockiego zapad\u0142y w tej b\u0142ahej z pozoru sprawie umo\u017cliwiaj\u0105 wyci\u0105gni\u0119cie daleko id\u0105cych wniosk\u00f3w, si\u0119gaj\u0105cych w odleg\u0142\u0105 przesz\u0142o\u015b\u0107. Pozwalaj\u0105 na powi\u0105zanie za pomoc\u0105 kryterium imionowego \u017cyj\u0105cych w XVI wieku miejscowych dziedzic\u00f3w z ich przypuszczalnym protoplast\u0105 dzia\u0142aj\u0105cym w pierwszej po\u0142owie XIII wieku.<\/p>\n<h3>Prelegent<\/h3>\n<p class=\"western\">dr hab. Marian Wolski, prof. UPJPII<\/p>\n<p class=\"western\" align=\"justify\">Urodzony w 1962 roku w Warszawie, absolwent historii sztuki Uniwersytetu Jagiello\u0144skiego (1991), obroni\u0142 prac\u0119 doktorsk\u0105 z zakresu historii w UJ (1997), habilitowa\u0142 si\u0119 w 2014 r. od 2018 r. profesor nadzwyczajny w UPJP II. Kierownik dyscypliny historia UPJP II. Autor ponad stu publikacji z zakresu historii. Zajmuje si\u0119 genealogi\u0105 i osadnictwem rod\u00f3w i rodzin szlacheckich w \u015bredniowieczu i czasach wczesnonowo\u017cytnych, a tak\u017ce histori\u0105 ziemia\u0144stwa polskiego.<\/p>\n<p class=\"western\" align=\"justify\">Wsp\u00f3\u0142za\u0142o\u017cyciel Polskiego Towarzystwa Ziemia\u0144skiego (1990), cz\u0142onek naczelnych w\u0142adz PTZ (od 1991 do 2009), prezes, a obecnie wiceprezes PTZ Oddzia\u0142 Krak\u00f3w, inicjator i za\u0142o\u017cyciel Archiwum Ziemia\u0144skiego w Krakowie, ekspert Zwi\u0105zku Polskich Kawaler\u00f3w Malta\u0144skich ds. genealogii i heraldyki (od 1997), cz\u0142onek Spo\u0142ecznego Komitetu Odnowy Zabytk\u00f3w Krakowa (od 2009), prezes Zarz\u0105du Fundacji Ksi\u0105\u017c\u0105t Czartoryskich w Krakowie (2013 \u2013 23 XII 2016), przewodnicz\u0105cy Rady Fundacji im. Zofii i Jana W\u0142odk\u00f3w (od 2018), cz\u0142onek Rady Naukowej Polskiego S\u0142ownika Biograficznego.<\/p>\n<h4>Miejsce<\/h4>\n<p><a href=\"http:\/\/scriptores.pl\/hortus\/organizacja\/sluchacze\/\" target=\"_blank\" rel=\"noopener noreferrer\">Instytut J\u0119zyka Polskiego PAN<\/a><\/p>\n<h4>Nagranie spotkania<\/h4>\n<p><iframe title=\"Hortus Deliciarum - prof. Marian Wolski: O kryterium imionowym w badaniach genealogicznych\" width=\"500\" height=\"281\" src=\"https:\/\/www.youtube.com\/embed\/ncykx22WkIk?feature=oembed\" frameborder=\"0\" allow=\"accelerometer; autoplay; clipboard-write; encrypted-media; gyroscope; picture-in-picture; web-share\" referrerpolicy=\"strict-origin-when-cross-origin\" allowfullscreen><\/iframe><\/p>\n<\/div>\n<p><\/p>","protected":false},"excerpt":{"rendered":"<p>Czas 6 grudnia 2019 r., godz. 13 Program Marian Wolski O komesie Brzezdomie, \u0142awce i dw\u00f3ch paniach czyli o kryterium imionowym w badaniach genealogicznych Streszczenie W 1509 roku wybuch\u0142 konflikt mi\u0119dzy dwiema szlachciankami o prawo zasiadania w \u0142awce kolatorskiej w ko\u015bciele w So\u0144sku w ziemi ciechanowskiej na Mazowszu. Argumentacja stron i wyrok biskupa p\u0142ockiego zapad\u0142y [&hellip;]<\/p>\n","protected":false},"author":8,"featured_media":0,"parent":27,"menu_order":21,"comment_status":"closed","ping_status":"closed","template":"","meta":{"footnotes":""},"class_list":["post-282","page","type-page","status-publish","hentry"],"aioseo_notices":[],"_links":{"self":[{"href":"https:\/\/scriptores.pl\/hortus\/wp-json\/wp\/v2\/pages\/282","targetHints":{"allow":["GET"]}}],"collection":[{"href":"https:\/\/scriptores.pl\/hortus\/wp-json\/wp\/v2\/pages"}],"about":[{"href":"https:\/\/scriptores.pl\/hortus\/wp-json\/wp\/v2\/types\/page"}],"author":[{"embeddable":true,"href":"https:\/\/scriptores.pl\/hortus\/wp-json\/wp\/v2\/users\/8"}],"replies":[{"embeddable":true,"href":"https:\/\/scriptores.pl\/hortus\/wp-json\/wp\/v2\/comments?post=282"}],"version-history":[{"count":3,"href":"https:\/\/scriptores.pl\/hortus\/wp-json\/wp\/v2\/pages\/282\/revisions"}],"predecessor-version":[{"id":296,"href":"https:\/\/scriptores.pl\/hortus\/wp-json\/wp\/v2\/pages\/282\/revisions\/296"}],"up":[{"embeddable":true,"href":"https:\/\/scriptores.pl\/hortus\/wp-json\/wp\/v2\/pages\/27"}],"wp:attachment":[{"href":"https:\/\/scriptores.pl\/hortus\/wp-json\/wp\/v2\/media?parent=282"}],"curies":[{"name":"wp","href":"https:\/\/api.w.org\/{rel}","templated":true}]}}