{"id":21,"date":"2015-09-10T16:35:01","date_gmt":"2015-09-10T14:35:01","guid":{"rendered":"http:\/\/scriptores.pl\/hortus\/?page_id=21"},"modified":"2020-05-20T10:02:04","modified_gmt":"2020-05-20T08:02:04","slug":"prelegenci","status":"publish","type":"page","link":"https:\/\/scriptores.pl\/hortus\/organizacja\/prelegenci\/","title":{"rendered":"Prelegenci"},"content":{"rendered":"<p><\/p>\n<h3>Wytyczne dla prelegent\u00f3w<\/h3>\n<ol>\n<li>Wyst\u0105pienie powinno trwa\u0107 nie d\u0142u\u017cej ni\u017c 45 minut. Po nim zaplanowano 45-minutow\u0105 dyskusj\u0119. Je\u015bli prelegent uzna to za stosowne, wyst\u0105pienie mo\u017ce r\u00f3wnie\u017c przybra\u0107 charakter p\u00f3\u0142toragodzinnych warsztat\u00f3w czy te\u017c konwersatorium.<\/li>\n<li>Referat winien odzwierciedla\u0107 zainteresowania naukowe prelegenta, prezentowa\u0107 planowany b\u0105d\u017a te\u017c realizowany projekt badawczy.<\/li>\n<li>Prelegent winien w miar\u0119 mo\u017cliwo\u015bci:\n<ul>\n<li>dostosowa\u0107 form\u0119 i tre\u015b\u0107 wyst\u0105pienia do charakteru publiczno\u015bci spotka\u0144, w kt\u00f3rych, mamy nadziej\u0119, uczestniczy\u0107 b\u0119d\u0105 specjali\u015bci r\u00f3\u017cnych dziedzin, a w\u015br\u00f3d nich tak badacze do\u015bwiadczeni, jak i doktoranci czy studenci.<\/li>\n<li>podkre\u015bli\u0107 interdyscyplinarny wymiar swoich bada\u0144 albo te\u017c przedstawi\u0107 dezyderaty, wskazuj\u0105c na mo\u017cliwo\u015b\u0107 poszerzenia uj\u0119\u0107 dotychczasowych o perspektyw\u0119 interdyscyplinarn\u0105;<\/li>\n<li>wskaza\u0107 na zwi\u0105zek omawianego zagadnienia z kultur\u0105 i j\u0119zykiem polskiego \u015bredniowiecza. Je\u015bli oczywistych zwi\u0105zk\u00f3w brakuje, prelegent mo\u017ce wskaza\u0107 kierunki poszukiwa\u0144.<\/li>\n<\/ul>\n<\/li>\n<li>Streszczenie wyst\u0105pienia (do 300 s\u0142\u00f3w) powinno zawiera\u0107 r\u00f3wnie\u017c wskaz\u00f3wki bibliograficzne.<\/li>\n<li>Prezentacja multimedialna winna by\u0107 nades\u0142ana do organizator\u00f3w najp\u00f3\u017aniej dzie\u0144 przed wyst\u0105pieniem w formacie PDF.<\/li>\n<\/ol>\n<h3>Rozpowszechniania<\/h3>\n<p>Spotkania b\u0119d\u0105 transmitowane on-line. Opr\u00f3cz tego nagrania audio lub wideo wyst\u0105pie\u0144 b\u0119d\u0105 za zgod\u0105 prelegent\u00f3w publikowane w Internecie wraz z przygotowanymi przez nich slajdami, sk\u0142adaj\u0105c si\u0119 na swego rodzaju elektroniczny tom pokonferencyjny.<\/p>\n<h4>Formularz zgody<\/h4>\n<p align=\"justify\">\n<p><\/p>","protected":false},"excerpt":{"rendered":"<p>Wytyczne dla prelegent\u00f3w Wyst\u0105pienie powinno trwa\u0107 nie d\u0142u\u017cej ni\u017c 45 minut. Po nim zaplanowano 45-minutow\u0105 dyskusj\u0119. Je\u015bli prelegent uzna to za stosowne, wyst\u0105pienie mo\u017ce r\u00f3wnie\u017c przybra\u0107 charakter p\u00f3\u0142toragodzinnych warsztat\u00f3w czy te\u017c konwersatorium. Referat winien odzwierciedla\u0107 zainteresowania naukowe prelegenta, prezentowa\u0107 planowany b\u0105d\u017a te\u017c realizowany projekt badawczy. Prelegent winien w miar\u0119 mo\u017cliwo\u015bci: dostosowa\u0107 form\u0119 i tre\u015b\u0107 wyst\u0105pienia [&hellip;]<\/p>\n","protected":false},"author":1,"featured_media":0,"parent":19,"menu_order":0,"comment_status":"closed","ping_status":"closed","template":"","meta":{"footnotes":""},"class_list":["post-21","page","type-page","status-publish","hentry"],"aioseo_notices":[],"_links":{"self":[{"href":"https:\/\/scriptores.pl\/hortus\/wp-json\/wp\/v2\/pages\/21","targetHints":{"allow":["GET"]}}],"collection":[{"href":"https:\/\/scriptores.pl\/hortus\/wp-json\/wp\/v2\/pages"}],"about":[{"href":"https:\/\/scriptores.pl\/hortus\/wp-json\/wp\/v2\/types\/page"}],"author":[{"embeddable":true,"href":"https:\/\/scriptores.pl\/hortus\/wp-json\/wp\/v2\/users\/1"}],"replies":[{"embeddable":true,"href":"https:\/\/scriptores.pl\/hortus\/wp-json\/wp\/v2\/comments?post=21"}],"version-history":[{"count":7,"href":"https:\/\/scriptores.pl\/hortus\/wp-json\/wp\/v2\/pages\/21\/revisions"}],"predecessor-version":[{"id":269,"href":"https:\/\/scriptores.pl\/hortus\/wp-json\/wp\/v2\/pages\/21\/revisions\/269"}],"up":[{"embeddable":true,"href":"https:\/\/scriptores.pl\/hortus\/wp-json\/wp\/v2\/pages\/19"}],"wp:attachment":[{"href":"https:\/\/scriptores.pl\/hortus\/wp-json\/wp\/v2\/media?parent=21"}],"curies":[{"name":"wp","href":"https:\/\/api.w.org\/{rel}","templated":true}]}}