{"id":191,"date":"2018-10-12T16:54:49","date_gmt":"2018-10-12T14:54:49","guid":{"rendered":"http:\/\/scriptores.pl\/hortus\/?page_id=191"},"modified":"2020-05-20T14:19:20","modified_gmt":"2020-05-20T12:19:20","slug":"spotkanie-xvii","status":"publish","type":"page","link":"https:\/\/scriptores.pl\/hortus\/archiwum\/spotkanie-xvii\/","title":{"rendered":"Spotkanie XVII"},"content":{"rendered":"<p><\/p>\n<h3>Czas<\/h3>\n<p>19 pa\u017adziernik 2018 r., godz. 13<\/p>\n<h3>Program<\/h3>\n<p class=\"western\">Bart\u0142omiej Bednarek<\/p>\n<ul>\n<li>Likurg, kr\u00f3l Edon\u00f3w, w Rzymie. W poszukiwaniu tekstu, kt\u00f3ry wszyscy znali tak dobrze, \u017ce nikt o nim nawet nie wspomnia\u0142<\/li>\n<\/ul>\n<h3>Streszczenie<\/h3>\n<p class=\"western\" align=\"justify\">Poezja \u0142aci\u0144ska okresu augustowskiego wskazuje na ogromny wzrost zainteresowania mitem greckim Likurga, kr\u00f3la Edon\u00f3w, kt\u00f3re utrzyma\u0142o si\u0119 przez ca\u0142y I wiek n.e. Na pierwszy rzut oka, nic w tym dziwnego, zwa\u017cywszy na to, \u017ce literatura rzymska w tym czasie z wielkim upodobaniem zwraca\u0142a si\u0119 ku wzorom greckim, a mitologia stanowi\u0142a jej podstawowy obszar tematyczny. Por\u00f3wnanie wersji mitu Likurga z jego wcze\u015bniejszymi wariantami, znanymi g\u0142\u00f3wnie ze \u017ar\u00f3de\u0142 greckich, przynosi jednak spor\u0105 niespodziank\u0119. Opowie\u015b\u0107, kt\u00f3r\u0105 ewidentnie znali poeci i ich publiczno\u015b\u0107 i do kt\u00f3rej czyniono aluzje, jest ewidentnie odmienna, od wszystkiego co po\u015bwiadczaj\u0105 wcze\u015bniejsze teksty. \u0179r\u00f3d\u0142o innowacji mo\u017cemy za to z pewn\u0105 doz\u0105 prawdopodobie\u0144stwa uchwyci\u0107 dzi\u0119ki wzmiankom w p\u00f3\u017aniejszym pi\u015bmiennictwie, przede wszystkim dzi\u0119ki Hyginusowi, Serwiuszowi, scholiom do Owidiusza i Lukana.<\/p>\n<h3>Prelegenci<\/h3>\n<p class=\"western\">dr Bart\u0142omiej Bednarek (Instytut Historyczny UW)<\/p>\n<p class=\"western\" align=\"justify\">Bart\u0142omiej Bednarek jest absolwentem filologii klasycznej (studia jednolite magisterskie do 2009) i italianistyki (studia licencjackie do 2012) na Uniwersytecie Jagiello\u0144skim. W roku 2015 na tej samej uczelni uzyska\u0142 doktorat w zakresie literaturoznawstwa na podstawie rozprawy \u201eMit dionizyjski w poezji greckiej od Homera do Eurypidesa\u201d. W latach 2014-16 pracowa\u0142 w zespole badawczym w ramach projektu \u201eOfiara krwawa w Grecji staro\u017cytnej w \u015bwietle \u017ar\u00f3de\u0142 filologicznych\u201d. Od grudnia roku 2016 realizuje na Uniwersytecie Warszawskim grant NCN Fuga \u201eKulturowy palimpsest. Dzieje greckiego mitu Likurga, kr\u00f3la Edon\u00f3w, od Homera do Eustacjusza\u201d.<\/p>\n<h4>Miejsce<\/h4>\n<p><a href=\"http:\/\/scriptores.pl\/hortus\/organizacja\/sluchacze\/\" target=\"_blank\" rel=\"noopener noreferrer\">Instytut J\u0119zyka Polskiego PAN<\/a><\/p>\n<h4>Nagranie spotkania<\/h4>\n<p><a href=\"https:\/\/www.youtube.com\/watch?v=v8Rzo9fUoNc\" target=\"_blank\" rel=\"noopener noreferrer\">Kana\u0142 cyklu<\/a><i><\/i><\/p>","protected":false},"excerpt":{"rendered":"<p>Czas 19 pa\u017adziernik 2018 r., godz. 13 Program Bart\u0142omiej Bednarek Likurg, kr\u00f3l Edon\u00f3w, w Rzymie. W poszukiwaniu tekstu, kt\u00f3ry wszyscy znali tak dobrze, \u017ce nikt o nim nawet nie wspomnia\u0142 Streszczenie Poezja \u0142aci\u0144ska okresu augustowskiego wskazuje na ogromny wzrost zainteresowania mitem greckim Likurga, kr\u00f3la Edon\u00f3w, kt\u00f3re utrzyma\u0142o si\u0119 przez ca\u0142y I wiek n.e. Na pierwszy [&hellip;]<\/p>\n","protected":false},"author":1,"featured_media":0,"parent":27,"menu_order":17,"comment_status":"closed","ping_status":"closed","template":"","meta":{"footnotes":""},"class_list":["post-191","page","type-page","status-publish","hentry"],"aioseo_notices":[],"_links":{"self":[{"href":"https:\/\/scriptores.pl\/hortus\/wp-json\/wp\/v2\/pages\/191","targetHints":{"allow":["GET"]}}],"collection":[{"href":"https:\/\/scriptores.pl\/hortus\/wp-json\/wp\/v2\/pages"}],"about":[{"href":"https:\/\/scriptores.pl\/hortus\/wp-json\/wp\/v2\/types\/page"}],"author":[{"embeddable":true,"href":"https:\/\/scriptores.pl\/hortus\/wp-json\/wp\/v2\/users\/1"}],"replies":[{"embeddable":true,"href":"https:\/\/scriptores.pl\/hortus\/wp-json\/wp\/v2\/comments?post=191"}],"version-history":[{"count":6,"href":"https:\/\/scriptores.pl\/hortus\/wp-json\/wp\/v2\/pages\/191\/revisions"}],"predecessor-version":[{"id":315,"href":"https:\/\/scriptores.pl\/hortus\/wp-json\/wp\/v2\/pages\/191\/revisions\/315"}],"up":[{"embeddable":true,"href":"https:\/\/scriptores.pl\/hortus\/wp-json\/wp\/v2\/pages\/27"}],"wp:attachment":[{"href":"https:\/\/scriptores.pl\/hortus\/wp-json\/wp\/v2\/media?parent=191"}],"curies":[{"name":"wp","href":"https:\/\/api.w.org\/{rel}","templated":true}]}}