{"id":157,"date":"2017-10-25T13:00:24","date_gmt":"2017-10-25T11:00:24","guid":{"rendered":"http:\/\/scriptores.pl\/hortus\/?page_id=157"},"modified":"2020-05-22T13:49:04","modified_gmt":"2020-05-22T11:49:04","slug":"spotkanie-xiv","status":"publish","type":"page","link":"https:\/\/scriptores.pl\/hortus\/archiwum\/spotkanie-xiv\/","title":{"rendered":"Spotkanie XIV"},"content":{"rendered":"<p><\/p>\n<h3>Czas<\/h3>\n<p>17 listopada 2017 r., godz. 13<\/p>\n<h3>Program<\/h3>\n<p class=\"western\">Krzysztof Opali\u0144ski, Patrycja Potoniec<\/p>\n<ul>\n<li><em>S\u0142ownik polszczyzny XVI wieku<\/em> \u2013 historia i wsp\u00f3\u0142czesno\u015b\u0107. Nowe technologie w s\u0142u\u017cbie leksykografii historycznej<\/li>\n<\/ul>\n<h3>Streszczenie<\/h3>\n<p><em>S\u0142ownik polszczyzny XVI wieku<\/em> wychodzi drukiem od 1966 roku, dot\u0105d opracowano has\u0142a do litery R. Korzystanie jednak z wielotomowej wersji papierowej nastr\u0119cza wiele trudno\u015bci. Mimo publikacji w bibliotece cyfrowej nadal przed u\u017cytkownikiem staj\u0105 liczne przeszkody. Rozw\u00f3j platform leksykograficznych w sieci Internet oraz \u0142atwo\u015b\u0107 pos\u0142ugiwania si\u0119 zasobami elektronicznymi otworzy\u0142y nowe perspektywy dla <em>S\u0142ownika<\/em>.<br \/>\nCelem wyst\u0105pienia jest prezentacja projekt\u00f3w realizowanych w Pracowni, w kt\u00f3rych wyniku powstaj\u0105: internetowy <em>S\u0142ownik polszczyzny XVI wieku<\/em>, baza transliterowanych tekst\u00f3w szesnastowiecznych oraz korpus polszczyzny XVI wieku (w perspektywie zintegrowany z podkorpusem diachronicznym Narodowego Korpusu J\u0119zyka Polskiego). Przedstawiony zostanie stan prac nad poszczeg\u00f3lnymi elementami tej platformy, mo\u017cliwo\u015bci s\u0142ownika elektronicznego w stosunku do papierowego pierwowzoru, zalety bazy tekstowej przygotowanej wed\u0142ug jednolitych zasad oraz prototyp korpusu wraz z wyszukiwark\u0105.<\/p>\n<h3>Prelegenci<\/h3>\n<p class=\"western\">mgr Krzysztof Opali\u0144ski, dr Patrycja Potoniec (Instytut Bada\u0144 Literackich Polskiej Akademii Nauk, Pracownia S\u0142ownika Polszczyzny XVI wieku)<\/p>\n<p>Krzysztof Opali\u0144ski \u2013 starszy dokumentalista w Pracowni <em>S\u0142ownika Polszczyzny XVI wieku<\/em> Instytutu Bada\u0144 Literackich PAN. Leksykograf, redaktor wielu hase\u0142 <em>S\u0142ownika polszczyzny XVI wieku<\/em>. Autor koncepcji elektronicznej wersji <em>S\u0142ownika<\/em> oraz elektronicznego zbioru tekst\u00f3w polskich z XVI wieku. Pomys\u0142odawca, wsp\u00f3\u0142autor i administrator serwisu www.spxvi.edu.pl obejmuj\u0105cego elektroniczn\u0105 wersj\u0119 <em>S\u0142ownika polszczyzny XVI wieku<\/em> oraz <em>Korpus polszczyzny XVI wieku<\/em>.<br \/>\nPatrycja Potoniec \u2013 adiunkt, od 2004 zatrudniona w Pracowni S\u0142ownika Polszczyzny XVI wieku IBL PAN, od 2007 roku kierowniczka tej Pracowni. Zast\u0119pca redaktora naczelnego <em>S\u0142ownika polszczyzny XVI wieku<\/em>. Literaturoznawczyni, specjalistka od literatury dawnej. Zainteresowana naukowe: leksykografia dawna i wsp\u00f3\u0142czesna, kultura szlachecka, j\u0119zyk polemiki religijnej okresu reformacji.<\/p>\n<h4>Miejsce<\/h4>\n<p><a href=\"http:\/\/scriptores.pl\/hortus\/organizacja\/sluchacze\/\" target=\"_blank\" rel=\"noopener noreferrer\">Instytut J\u0119zyka Polskiego PAN<\/a><\/p>\n<h4>Nagranie spotkania<\/h4>\n<p><a href=\"https:\/\/www.youtube.com\/watch?v=yt6dA6hXHY8\" target=\"_blank\" rel=\"noopener noreferrer\">Kana\u0142 cyklu<\/a><\/p>\n<hr \/>\n<p align=\"justify\"><i><a href=\"http:\/\/scriptores.pl\/hortus\/wp-content\/uploads\/sites\/3\/2018\/03\/MNISW.jpg\"><img decoding=\"async\" class=\"alignleft wp-image-164 \" src=\"http:\/\/scriptores.pl\/hortus\/wp-content\/uploads\/sites\/3\/2018\/03\/MNISW-300x78.jpg\" alt=\"\" width=\"281\" height=\"73\" srcset=\"https:\/\/scriptores.pl\/hortus\/wp-content\/uploads\/sites\/3\/2018\/03\/MNISW-300x78.jpg 300w, https:\/\/scriptores.pl\/hortus\/wp-content\/uploads\/sites\/3\/2018\/03\/MNISW-768x199.jpg 768w, https:\/\/scriptores.pl\/hortus\/wp-content\/uploads\/sites\/3\/2018\/03\/MNISW-1024x265.jpg 1024w, https:\/\/scriptores.pl\/hortus\/wp-content\/uploads\/sites\/3\/2018\/03\/MNISW-624x162.jpg 624w, https:\/\/scriptores.pl\/hortus\/wp-content\/uploads\/sites\/3\/2018\/03\/MNISW.jpg 1737w\" sizes=\"(max-width: 281px) 100vw, 281px\" \/><\/a><\/i><i>Hortus Deliciarum. Wok\u00f3\u0142 \u015bredniowiecznego tekstu (cykl seminari\u00f3w i publikacja elektroniczna) &#8211; zadanie finansowane w ramach umowy 644\/P-DUN\/2016 ze \u015brodk\u00f3w Ministra Nauki i Szkolnictwa Wy\u017cszego przeznaczonych na dzia\u0142alno\u015b\u0107 upowszechniaj\u0105c\u0105 nauk\u0119<\/i><\/p>\n<p><\/p>","protected":false},"excerpt":{"rendered":"<p>Czas 17 listopada 2017 r., godz. 13 Program Krzysztof Opali\u0144ski, Patrycja Potoniec S\u0142ownik polszczyzny XVI wieku \u2013 historia i wsp\u00f3\u0142czesno\u015b\u0107. Nowe technologie w s\u0142u\u017cbie leksykografii historycznej Streszczenie S\u0142ownik polszczyzny XVI wieku wychodzi drukiem od 1966 roku, dot\u0105d opracowano has\u0142a do litery R. Korzystanie jednak z wielotomowej wersji papierowej nastr\u0119cza wiele trudno\u015bci. Mimo publikacji w bibliotece [&hellip;]<\/p>\n","protected":false},"author":1,"featured_media":0,"parent":27,"menu_order":14,"comment_status":"closed","ping_status":"closed","template":"","meta":{"footnotes":""},"class_list":["post-157","page","type-page","status-publish","hentry"],"aioseo_notices":[],"_links":{"self":[{"href":"https:\/\/scriptores.pl\/hortus\/wp-json\/wp\/v2\/pages\/157","targetHints":{"allow":["GET"]}}],"collection":[{"href":"https:\/\/scriptores.pl\/hortus\/wp-json\/wp\/v2\/pages"}],"about":[{"href":"https:\/\/scriptores.pl\/hortus\/wp-json\/wp\/v2\/types\/page"}],"author":[{"embeddable":true,"href":"https:\/\/scriptores.pl\/hortus\/wp-json\/wp\/v2\/users\/1"}],"replies":[{"embeddable":true,"href":"https:\/\/scriptores.pl\/hortus\/wp-json\/wp\/v2\/comments?post=157"}],"version-history":[{"count":5,"href":"https:\/\/scriptores.pl\/hortus\/wp-json\/wp\/v2\/pages\/157\/revisions"}],"predecessor-version":[{"id":323,"href":"https:\/\/scriptores.pl\/hortus\/wp-json\/wp\/v2\/pages\/157\/revisions\/323"}],"up":[{"embeddable":true,"href":"https:\/\/scriptores.pl\/hortus\/wp-json\/wp\/v2\/pages\/27"}],"wp:attachment":[{"href":"https:\/\/scriptores.pl\/hortus\/wp-json\/wp\/v2\/media?parent=157"}],"curies":[{"name":"wp","href":"https:\/\/api.w.org\/{rel}","templated":true}]}}