{"id":152,"date":"2017-05-31T15:15:05","date_gmt":"2017-05-31T13:15:05","guid":{"rendered":"http:\/\/scriptores.pl\/hortus\/?page_id=152"},"modified":"2020-05-22T13:50:00","modified_gmt":"2020-05-22T11:50:00","slug":"spotkanie-xiii","status":"publish","type":"page","link":"https:\/\/scriptores.pl\/hortus\/archiwum\/spotkanie-xiii\/","title":{"rendered":"Spotkanie XIII"},"content":{"rendered":"<p><\/p>\n<h3>Czas<\/h3>\n<p>9 czerwca 2017 r., godz. 13<\/p>\n<h3>Program<\/h3>\n<p class=\"western\">Lucie Mazalov\u00e1<\/p>\n<ul>\n<li>\u201cOportet, quod Auca alas moveat contra alas Vehemot\u2026\u201d<br \/>\nThe development of Jan Hus\u00b4s criticism of the Antichrist<\/li>\n<\/ul>\n<h3>Streszczenie<\/h3>\n<p>In my paper, I will present the points that are most important in the development of Hus\u00b4s criticism of the Antichrist. The basis of my outcomes will be the study of the works which Hus wrote or sermonized during various periods of his professional and personal life. Moreover, Hus addressed these works to different audiences (I will compare especially correspondence, preaching \u201cad populum\u201d or \u201cad clerum\u201d, and the commentary on Lombardus\u00b4s IV libri Sententiarum). Neither the most important connections of Hus\u00b4s works, nor his personal experience during the relevant periods could have been omitted. The comparison of this very rich material will be the source for the explanation of the content and the rhetoric of Hus\u00b4s criticism and of its progress.<\/p>\n<h3>Prelegent<\/h3>\n<p class=\"western\">Dr Lucie Mazalov\u00e1 (Masaryk University, Brno)<\/p>\n<p>I hold a Master\u00b4s degree in Philosophy and Medieval Latin language and literature. In 2012, I earned a Ph.D. in Medieval Latin. I work at the Faculty of Arts (teaching of the Medieval Latin, Medieval Latin literature, and Medieval eschatology) and at the Masaryk University\u00b4s Language Centre. My scientific interest is connected especially to the Bohemian Reformation. There are two topics which I follow: 1) eschatology in the early Bohemian Reformation (individual research), 2) editing of the medieval manuscripts which contain works of Jan Hus (the project Magistri Iohannis Hus opera omnia, so-called \u201eMIHOO\u201d, which partially continues as the collective project at \u00dastav klasick\u00fdch studi\u00ed (Department of Classical Studies).<\/p>\n<h4>Miejsce<\/h4>\n<p><a href=\"http:\/\/scriptores.pl\/hortus\/organizacja\/sluchacze\/\" target=\"_blank\" rel=\"noopener noreferrer\">Instytut J\u0119zyka Polskiego PAN<\/a><\/p>\n<h4>Nagranie spotkania<\/h4>\n<p><a href=\"https:\/\/www.youtube.com\/watch?v=B5w7o0jAJ98\" target=\"_blank\" rel=\"noopener noreferrer\">Kana\u0142 cyklu<\/a><\/p>\n<hr \/>\n<p align=\"justify\"><i><a href=\"http:\/\/scriptores.pl\/hortus\/wp-content\/uploads\/sites\/3\/2018\/03\/MNISW.jpg\"><img decoding=\"async\" class=\"alignleft wp-image-164 \" src=\"http:\/\/scriptores.pl\/hortus\/wp-content\/uploads\/sites\/3\/2018\/03\/MNISW-300x78.jpg\" alt=\"\" width=\"281\" height=\"73\" srcset=\"https:\/\/scriptores.pl\/hortus\/wp-content\/uploads\/sites\/3\/2018\/03\/MNISW-300x78.jpg 300w, https:\/\/scriptores.pl\/hortus\/wp-content\/uploads\/sites\/3\/2018\/03\/MNISW-768x199.jpg 768w, https:\/\/scriptores.pl\/hortus\/wp-content\/uploads\/sites\/3\/2018\/03\/MNISW-1024x265.jpg 1024w, https:\/\/scriptores.pl\/hortus\/wp-content\/uploads\/sites\/3\/2018\/03\/MNISW-624x162.jpg 624w, https:\/\/scriptores.pl\/hortus\/wp-content\/uploads\/sites\/3\/2018\/03\/MNISW.jpg 1737w\" sizes=\"(max-width: 281px) 100vw, 281px\" \/><\/a><\/i><i>Hortus Deliciarum. Wok\u00f3\u0142 \u015bredniowiecznego tekstu (cykl seminari\u00f3w i publikacja elektroniczna) &#8211; zadanie finansowane w ramach umowy 644\/P-DUN\/2016 ze \u015brodk\u00f3w Ministra Nauki i Szkolnictwa Wy\u017cszego przeznaczonych na dzia\u0142alno\u015b\u0107 upowszechniaj\u0105c\u0105 nauk\u0119<\/i><\/p>\n<p><\/p>","protected":false},"excerpt":{"rendered":"<p>Czas 9 czerwca 2017 r., godz. 13 Program Lucie Mazalov\u00e1 \u201cOportet, quod Auca alas moveat contra alas Vehemot\u2026\u201d The development of Jan Hus\u00b4s criticism of the Antichrist Streszczenie In my paper, I will present the points that are most important in the development of Hus\u00b4s criticism of the Antichrist. The basis of my outcomes will [&hellip;]<\/p>\n","protected":false},"author":1,"featured_media":0,"parent":27,"menu_order":13,"comment_status":"closed","ping_status":"closed","template":"","meta":{"footnotes":""},"class_list":["post-152","page","type-page","status-publish","hentry"],"aioseo_notices":[],"_links":{"self":[{"href":"https:\/\/scriptores.pl\/hortus\/wp-json\/wp\/v2\/pages\/152","targetHints":{"allow":["GET"]}}],"collection":[{"href":"https:\/\/scriptores.pl\/hortus\/wp-json\/wp\/v2\/pages"}],"about":[{"href":"https:\/\/scriptores.pl\/hortus\/wp-json\/wp\/v2\/types\/page"}],"author":[{"embeddable":true,"href":"https:\/\/scriptores.pl\/hortus\/wp-json\/wp\/v2\/users\/1"}],"replies":[{"embeddable":true,"href":"https:\/\/scriptores.pl\/hortus\/wp-json\/wp\/v2\/comments?post=152"}],"version-history":[{"count":5,"href":"https:\/\/scriptores.pl\/hortus\/wp-json\/wp\/v2\/pages\/152\/revisions"}],"predecessor-version":[{"id":325,"href":"https:\/\/scriptores.pl\/hortus\/wp-json\/wp\/v2\/pages\/152\/revisions\/325"}],"up":[{"embeddable":true,"href":"https:\/\/scriptores.pl\/hortus\/wp-json\/wp\/v2\/pages\/27"}],"wp:attachment":[{"href":"https:\/\/scriptores.pl\/hortus\/wp-json\/wp\/v2\/media?parent=152"}],"curies":[{"name":"wp","href":"https:\/\/api.w.org\/{rel}","templated":true}]}}