{"id":131,"date":"2017-01-29T16:28:08","date_gmt":"2017-01-29T15:28:08","guid":{"rendered":"http:\/\/scriptores.pl\/hortus\/?page_id=131"},"modified":"2020-05-22T13:56:20","modified_gmt":"2020-05-22T11:56:20","slug":"spotkanie-ix","status":"publish","type":"page","link":"https:\/\/scriptores.pl\/hortus\/archiwum\/spotkanie-ix\/","title":{"rendered":"Spotkanie IX"},"content":{"rendered":"<p><\/p>\n<h3>Czas<\/h3>\n<p>10 lutego 2017 r., godz. 13<\/p>\n<h3>Program<\/h3>\n<p class=\"western\">Renaud Alexandre<\/p>\n<ul>\n<li>\n<p class=\"western\">Valerius of Bierzo and his hagiographical compilation<\/p>\n<\/li>\n<\/ul>\n<h3>Streszczenie<\/h3>\n<p class=\"western\">Valerius of Bierzo was a hermit who lived in the north-west of the Iberian Peninsula in the VIIth century. He is mainly known for two kinds of works: texts written in the first person (where he narrates his experiences in the solitude), and a collection of hagiographical and ascetic texts he gathered (generally called the &#8222;hagiographical compilation of Valerius&#8221;).<\/p>\n<p class=\"western\">In the first part of my presentation, I will briefly describe his life and work. Afterwards, I will present with more details the &#8222;hagiographical compilation&#8221;, the manuscripts that contain it and the texts it is made of, trying to insist particularly on the specific problems raised by such a 'dossier&#8217; and the way digital methods can help use solve them.<\/p>\n<h3>Prelegenci<\/h3>\n<p class=\"western\">Renaud Alexandre (<a href=\"http:\/\/www.irht.cnrs.fr\/fr\/annuaire\/alexandre-renaud\" target=\"_blank\" rel=\"noopener noreferrer\">IRHT CNRS<\/a>)<\/p>\n<h4>Miejsce<\/h4>\n<p><a href=\"http:\/\/scriptores.pl\/hortus\/organizacja\/sluchacze\/\" target=\"_blank\" rel=\"noopener noreferrer\">Instytut J\u0119zyka Polskiego PAN<\/a><\/p>\n<h4>Nagranie spotkania<\/h4>\n<p><a href=\"https:\/\/www.youtube.com\/watch?v=Q-_eEegN8a8&amp;list=PL1bH0K-HvWsSQAvTRRtCZMS1tVPEYi8c8&amp;index=8\" target=\"_blank\" rel=\"noopener noreferrer\">Kana\u0142 cyklu<\/a><\/p>\n<hr \/>\n<p align=\"justify\"><i><a href=\"http:\/\/scriptores.pl\/hortus\/wp-content\/uploads\/sites\/3\/2018\/03\/MNISW.jpg\"><img decoding=\"async\" class=\"alignleft wp-image-164 \" src=\"http:\/\/scriptores.pl\/hortus\/wp-content\/uploads\/sites\/3\/2018\/03\/MNISW-300x78.jpg\" alt=\"\" width=\"281\" height=\"73\" srcset=\"https:\/\/scriptores.pl\/hortus\/wp-content\/uploads\/sites\/3\/2018\/03\/MNISW-300x78.jpg 300w, https:\/\/scriptores.pl\/hortus\/wp-content\/uploads\/sites\/3\/2018\/03\/MNISW-768x199.jpg 768w, https:\/\/scriptores.pl\/hortus\/wp-content\/uploads\/sites\/3\/2018\/03\/MNISW-1024x265.jpg 1024w, https:\/\/scriptores.pl\/hortus\/wp-content\/uploads\/sites\/3\/2018\/03\/MNISW-624x162.jpg 624w, https:\/\/scriptores.pl\/hortus\/wp-content\/uploads\/sites\/3\/2018\/03\/MNISW.jpg 1737w\" sizes=\"(max-width: 281px) 100vw, 281px\" \/><\/a><\/i><i>Hortus Deliciarum. Wok\u00f3\u0142 \u015bredniowiecznego tekstu (cykl seminari\u00f3w i publikacja elektroniczna) &#8211; zadanie finansowane w ramach umowy 644\/P-DUN\/2016 ze \u015brodk\u00f3w Ministra Nauki i Szkolnictwa Wy\u017cszego przeznaczonych na dzia\u0142alno\u015b\u0107 upowszechniaj\u0105c\u0105 nauk\u0119<\/i><\/p>\n<p><\/p>","protected":false},"excerpt":{"rendered":"<p>Czas 10 lutego 2017 r., godz. 13 Program Renaud Alexandre Valerius of Bierzo and his hagiographical compilation Streszczenie Valerius of Bierzo was a hermit who lived in the north-west of the Iberian Peninsula in the VIIth century. He is mainly known for two kinds of works: texts written in the first person (where he narrates [&hellip;]<\/p>\n","protected":false},"author":1,"featured_media":0,"parent":27,"menu_order":9,"comment_status":"closed","ping_status":"closed","template":"","meta":{"footnotes":""},"class_list":["post-131","page","type-page","status-publish","hentry"],"aioseo_notices":[],"_links":{"self":[{"href":"https:\/\/scriptores.pl\/hortus\/wp-json\/wp\/v2\/pages\/131","targetHints":{"allow":["GET"]}}],"collection":[{"href":"https:\/\/scriptores.pl\/hortus\/wp-json\/wp\/v2\/pages"}],"about":[{"href":"https:\/\/scriptores.pl\/hortus\/wp-json\/wp\/v2\/types\/page"}],"author":[{"embeddable":true,"href":"https:\/\/scriptores.pl\/hortus\/wp-json\/wp\/v2\/users\/1"}],"replies":[{"embeddable":true,"href":"https:\/\/scriptores.pl\/hortus\/wp-json\/wp\/v2\/comments?post=131"}],"version-history":[{"count":5,"href":"https:\/\/scriptores.pl\/hortus\/wp-json\/wp\/v2\/pages\/131\/revisions"}],"predecessor-version":[{"id":333,"href":"https:\/\/scriptores.pl\/hortus\/wp-json\/wp\/v2\/pages\/131\/revisions\/333"}],"up":[{"embeddable":true,"href":"https:\/\/scriptores.pl\/hortus\/wp-json\/wp\/v2\/pages\/27"}],"wp:attachment":[{"href":"https:\/\/scriptores.pl\/hortus\/wp-json\/wp\/v2\/media?parent=131"}],"curies":[{"name":"wp","href":"https:\/\/api.w.org\/{rel}","templated":true}]}}