{"id":117,"date":"2016-11-09T00:56:23","date_gmt":"2016-11-08T23:56:23","guid":{"rendered":"http:\/\/scriptores.pl\/hortus\/?page_id=117"},"modified":"2020-05-22T14:03:26","modified_gmt":"2020-05-22T12:03:26","slug":"spotkanie-vii","status":"publish","type":"page","link":"https:\/\/scriptores.pl\/hortus\/archiwum\/spotkanie-vii\/","title":{"rendered":"Spotkanie VII"},"content":{"rendered":"<p><\/p>\n<h3>Czas<\/h3>\n<p>18 listopada 2016 r., godz. 13.30<\/p>\n<h3>Program<\/h3>\n<p class=\"western\">Bartosz Awianowicz, Pawe\u0142 Gancarczyk<\/p>\n<ul>\n<li>\n<p class=\"western\">Petrus Wilhelmi de Grudencz (1392\u2013po 1452) \u2013 mi\u0119dzy muzyk\u0105 i poezj\u0105<\/p>\n<\/li>\n<\/ul>\n<h3>Streszczenie<\/h3>\n<p class=\"western\">Petrus Wilhelmi de Grudencz by\u0142 kompozytorem i poet\u0105, magistrem sztuk wyzwolonych Akademii Krakowskiej i kapelanem cesarza Fryderyka III. Jego utwory zachowa\u0142y si\u0119 w ponad 50 \u017ar\u00f3d\u0142ach z teren\u00f3w Europy \u015arodkowej, m.in. w Polsce, Czechach, Austrii, S\u0142owacji i w Niemczech. W swojej tw\u00f3rczo\u015bci muzycznej odwo\u0142ywa\u0142 si\u0119 do form i technik kompozytorskich typowych dla tego regionu. Jego tw\u00f3rczo\u015b\u0107 cieszy\u0142a si\u0119 powodzeniem w kr\u0119gach uniwersyteckich, szkolnych i monastycznych, cho\u0107 trafi\u0142a te\u017c do repertuaru utrakwistycznych bractw literackich i \u015bl\u0105skich luteran. Niekt\u00f3re z tych kompozycji zachowa\u0142y si\u0119 w \u017cywej tradycji muzycznej a\u017c do XVII wieku.<\/p>\n<p class=\"western\">Utwory Petrusa Wilhelmiego s\u0105 przedmiotem uwagi muzykolog\u00f3w; ciesz\u0105 si\u0119 r\u00f3wnie\u017c sporym zainteresowaniem wykonawc\u00f3w muzyki dawnej. Pomimo, \u017ce by\u0142 autorem skojarzonych z muzyk\u0105 wierszy, jego tw\u00f3rczo\u015b\u0107 \u0142aci\u0144ska nie doczeka\u0142a si\u0119 dotychczas opracowania. Tymczasem ma ona wa\u017cne znaczenie dla okre\u015blenia to\u017csamo\u015bci tego tw\u00f3rcy i zakre\u015blenia wp\u0142yw\u00f3w, jakim ulega\u0142. Jej cech\u0105 wyr\u00f3\u017cniaj\u0105c\u0105 jest stosowanie akrostych\u00f3w (\u201ePETRVS\u201d), kt\u00f3re maj\u0105 kluczowe znaczenie dla atrybucji utwor\u00f3w. Tw\u00f3rczo\u015b\u0107 literacka Petrusa \u2013 traktowana autonomicznie \u2013 nie wydaje si\u0119 przedstawia\u0107 unikatowej warto\u015bci. Zyskuje j\u0105 jednak w po\u0142\u0105czeniu z towarzysz\u0105c\u0105 jej muzyk\u0105. Wyk\u0142ad b\u0119dzie po\u015bwi\u0119cony ukazaniu jak zespolenie poezji z muzyk\u0105 tworzy oryginaln\u0105 jako\u015b\u0107, decyduj\u0105c\u0105 o tym, \u017ce Petrus Wilhelmi de Grudencz postrzegany jest jako jeden z najbardziej interesuj\u0105cych kompozytor\u00f3w Europy \u015arodkowej XV wieku.<\/p>\n<h3>Prelegenci<\/h3>\n<p class=\"western\">dr hab. Bartosz Awianowicz (Uniwersytet Miko\u0142aja Kopernika, Toru\u0144)<\/p>\n<p>Adiunkt w Katedrze Filologii Klasycznej. Jego zainteresowania naukowe obejmuj\u0105 przede wszystkim dwa nurty: 1. retoryk\u0119 antyczn\u0105 i jej recepcj\u0119 w \u015bredniowieczu i wczesnej epoce nowo\u017cytnej oraz 2. numizmatyk\u0119 rzymsk\u0105 imperialn\u0105 i prowincjonaln\u0105. Jego najwa\u017cniejsze publikacje to: monografia <i>Progymnasmata w\u00a0teorii i\u00a0praktyce szko\u0142y humanistycznej od ko\u0144ca XV wieku do po\u0142owy XVIII wieku<\/i> (Toru\u0144 2008), dwuj\u0119zyczne edycje pism retorycznych Cycerona: <i>O m\u00f3wcy<\/i> (K\u0119ty 2010) i (z K. Ekes) <span style=\"font-family: AGaramondPro-Regular, serif\"><i>O inwencji retorycznej <\/i><\/span><span style=\"font-family: AGaramondPro-Regular, serif\">(Warszawa 2013) oraz szesnastowiecznych panegiryk\u00f3w:<\/span>, <i>Apostrofy panegirycznej<\/i> Eliasza Pielgrzymowskiego (Warszawa 2012) i <i>Trzech m\u00f3w gratulacyjnych z okazji zwyci\u0119stwa nad Moskwicinami<\/i> Andrzeja Patrycego Nideckiego (Warszawa 2016). Obecnie jest g\u0142\u00f3wnym wykonawc\u0105 grantu NCN Paw\u0142a Gancarczyka oraz jednym z wykonawc\u00f3w grantu NPRH \u201eDoko\u0144czenie wydania sejmowego Dzie\u0142 wszystkich Jana Kochanowskiego\u201d (kierownik prof. dr hab. Andrzej D\u0105br\u00f3wka).<\/p>\n<p class=\"western\">dr hab. Pawe\u0142 Gancarczyk (Instytut Sztuki PAN, Warszawa)<\/p>\n<p>Profesor nadzwyczajny w <span style=\"color: #0000ff\"><u><a href=\"http:\/\/www.ispan.pl\/\"><span style=\"color: #00000a\">Instytucie Sztuki PAN<\/span><\/a><\/u><\/span>, redaktor naczelny kwartalnika \u201eMuzyka\u201d. Jego zainteresowania naukowe obejmuj\u0105 kultur\u0119 muzyczn\u0105 XV i XVI wieku, studia nad r\u0119kopisami i wczesne drukarstwo muzyczne. <span lang=\"fr-FR\">Ostatnio opublikowa\u0142 ksi\u0105\u017ck\u0119 <\/span><em><span lang=\"fr-FR\">La musique et la r\u00e9volution de l\u2019imprimerie. Les mutations de la culture musicale au XVIe si\u00e8cle <\/span><\/em><span lang=\"fr-FR\">(Lyon 2015; wersja polska: Toru\u0144 2011). <\/span>Pod jego redakcj\u0105 ukaza\u0142o si\u0119 kilka tom\u00f3w studi\u00f3w, w tym <em>Ars musica and its contexts in medieval and early modern culture <\/em>(Warszawa 2016). Obecnie kieruje projektem NCN \u201ePetrus Wilhelmi de Grudencz i kultura muzyczna Europy \u015arodkowej XV wieku\u201d oraz jest g\u0142\u00f3wnym wykonawc\u0105 mi\u0119dzynarodowego projektu HERA \u201eSound memories: the musical past in late-medieval and early-modern Europe\u201d.<\/p>\n<h4>Miejsce<\/h4>\n<p><a href=\"http:\/\/scriptores.pl\/hortus\/organizacja\/sluchacze\/\" target=\"_blank\" rel=\"noopener noreferrer\">Instytut J\u0119zyka Polskiego PAN<\/a><\/p>\n<h4>Nagranie spotkania<\/h4>\n<p><a href=\"https:\/\/www.youtube.com\/watch?v=LSYb44OJT1M\" target=\"_blank\" rel=\"noopener noreferrer\">Kana\u0142 cyklu<\/a><\/p>\n<hr \/>\n<p align=\"justify\"><i><a href=\"http:\/\/scriptores.pl\/hortus\/wp-content\/uploads\/sites\/3\/2018\/03\/MNISW.jpg\"><img decoding=\"async\" class=\"alignleft wp-image-164 \" src=\"http:\/\/scriptores.pl\/hortus\/wp-content\/uploads\/sites\/3\/2018\/03\/MNISW-300x78.jpg\" alt=\"\" width=\"281\" height=\"73\" srcset=\"https:\/\/scriptores.pl\/hortus\/wp-content\/uploads\/sites\/3\/2018\/03\/MNISW-300x78.jpg 300w, https:\/\/scriptores.pl\/hortus\/wp-content\/uploads\/sites\/3\/2018\/03\/MNISW-768x199.jpg 768w, https:\/\/scriptores.pl\/hortus\/wp-content\/uploads\/sites\/3\/2018\/03\/MNISW-1024x265.jpg 1024w, https:\/\/scriptores.pl\/hortus\/wp-content\/uploads\/sites\/3\/2018\/03\/MNISW-624x162.jpg 624w, https:\/\/scriptores.pl\/hortus\/wp-content\/uploads\/sites\/3\/2018\/03\/MNISW.jpg 1737w\" sizes=\"(max-width: 281px) 100vw, 281px\" \/><\/a><\/i><i>Hortus Deliciarum. Wok\u00f3\u0142 \u015bredniowiecznego tekstu (cykl seminari\u00f3w i publikacja elektroniczna) &#8211; zadanie finansowane w ramach umowy 644\/P-DUN\/2016 ze \u015brodk\u00f3w Ministra Nauki i Szkolnictwa Wy\u017cszego przeznaczonych na dzia\u0142alno\u015b\u0107 upowszechniaj\u0105c\u0105 nauk\u0119<\/i><\/p>\n<p><\/p>","protected":false},"excerpt":{"rendered":"<p>Czas 18 listopada 2016 r., godz. 13.30 Program Bartosz Awianowicz, Pawe\u0142 Gancarczyk Petrus Wilhelmi de Grudencz (1392\u2013po 1452) \u2013 mi\u0119dzy muzyk\u0105 i poezj\u0105 Streszczenie Petrus Wilhelmi de Grudencz by\u0142 kompozytorem i poet\u0105, magistrem sztuk wyzwolonych Akademii Krakowskiej i kapelanem cesarza Fryderyka III. Jego utwory zachowa\u0142y si\u0119 w ponad 50 \u017ar\u00f3d\u0142ach z teren\u00f3w Europy \u015arodkowej, m.in. [&hellip;]<\/p>\n","protected":false},"author":1,"featured_media":0,"parent":27,"menu_order":7,"comment_status":"closed","ping_status":"closed","template":"","meta":{"footnotes":""},"class_list":["post-117","page","type-page","status-publish","hentry"],"aioseo_notices":[],"_links":{"self":[{"href":"https:\/\/scriptores.pl\/hortus\/wp-json\/wp\/v2\/pages\/117","targetHints":{"allow":["GET"]}}],"collection":[{"href":"https:\/\/scriptores.pl\/hortus\/wp-json\/wp\/v2\/pages"}],"about":[{"href":"https:\/\/scriptores.pl\/hortus\/wp-json\/wp\/v2\/types\/page"}],"author":[{"embeddable":true,"href":"https:\/\/scriptores.pl\/hortus\/wp-json\/wp\/v2\/users\/1"}],"replies":[{"embeddable":true,"href":"https:\/\/scriptores.pl\/hortus\/wp-json\/wp\/v2\/comments?post=117"}],"version-history":[{"count":9,"href":"https:\/\/scriptores.pl\/hortus\/wp-json\/wp\/v2\/pages\/117\/revisions"}],"predecessor-version":[{"id":338,"href":"https:\/\/scriptores.pl\/hortus\/wp-json\/wp\/v2\/pages\/117\/revisions\/338"}],"up":[{"embeddable":true,"href":"https:\/\/scriptores.pl\/hortus\/wp-json\/wp\/v2\/pages\/27"}],"wp:attachment":[{"href":"https:\/\/scriptores.pl\/hortus\/wp-json\/wp\/v2\/media?parent=117"}],"curies":[{"name":"wp","href":"https:\/\/api.w.org\/{rel}","templated":true}]}}