{"id":8500,"date":"2021-03-01T16:28:35","date_gmt":"2021-03-01T15:28:35","guid":{"rendered":"http:\/\/scriptores.pl\/efontes\/?page_id=8500"},"modified":"2021-12-06T12:07:26","modified_gmt":"2021-12-06T11:07:26","slug":"seminarium-efontes","status":"publish","type":"page","link":"https:\/\/scriptores.pl\/efontes\/seminarium-efontes\/","title":{"rendered":"Seminarium eFontes"},"content":{"rendered":"<p>Seminarium <em>eFontes\u00a0 <\/em>jest forum interdyscyplinarnej refleksji nad wybranymi problemami \u0142aci\u0144skiej semantyki historycznej, a zw\u0142aszcza zastosowania metod cyfrowych w badaniach \u015bredniowiecza.<\/p>\n<p>W ka\u017cdym semestrze poddajemy analizie w interdyscyplinarnym gronie filolog\u00f3w, historyk\u00f3w, historyk\u00f3w sztuki wybrany problem kultury \u015bredniowiecznej, szczeg\u00f3ln\u0105 uwag\u0119 po\u015bwi\u0119caj\u0105c leksyce.<\/p>\n<ul>\n<li>Wiosna 2021: <em>Wprowadzenie do narz\u0119dzi i metod bada\u0144 korpusowych<\/em>\n<ul>\n<li><a href=\"https:\/\/scriptores.pl\/efontes\/seminarium-efontes\/wiosna-21\/\">program ramowy i rejestracja<\/a><\/li>\n<\/ul>\n<\/li>\n<li>Zima 2021: <em>Narz\u0119dzia mediewistyki cyfrowej: transkrypcja, edycja, korpus<br \/>\n<\/em><\/p>\n<ul>\n<li><a href=\"https:\/\/scriptores.pl\/efontes\/seminarium-efontes\/zima-21-22\/\">program ramowy i rejestracja<\/a><\/li>\n<\/ul>\n<\/li>\n<li>Jesie\u0144 2022: <em>M\u00f3wi\u0107 o emocjach<br \/>\n<\/em><\/li>\n<li>Wiosna 2023: <em>Pisa\u0107 i czyta\u0107<br \/>\n<\/em><\/li>\n<\/ul>\n<p style=\"text-align: center;\">\n","protected":false},"excerpt":{"rendered":"<p>Seminarium eFontes\u00a0 jest forum interdyscyplinarnej refleksji nad wybranymi problemami \u0142aci\u0144skiej semantyki historycznej, a zw\u0142aszcza zastosowania metod cyfrowych w badaniach \u015bredniowiecza. W ka\u017cdym semestrze poddajemy analizie w interdyscyplinarnym gronie filolog\u00f3w, historyk\u00f3w, historyk\u00f3w sztuki wybrany problem kultury \u015bredniowiecznej, szczeg\u00f3ln\u0105 uwag\u0119 po\u015bwi\u0119caj\u0105c leksyce. Wiosna 2021: Wprowadzenie do narz\u0119dzi i metod bada\u0144 korpusowych program ramowy i rejestracja Zima 2021: [&hellip;]<\/p>\n","protected":false},"author":1,"featured_media":0,"parent":0,"menu_order":0,"comment_status":"closed","ping_status":"closed","template":"","meta":{"footnotes":""},"class_list":["post-8500","page","type-page","status-publish","hentry"],"blocksy_meta":[],"aioseo_notices":[],"_links":{"self":[{"href":"https:\/\/scriptores.pl\/efontes\/wp-json\/wp\/v2\/pages\/8500","targetHints":{"allow":["GET"]}}],"collection":[{"href":"https:\/\/scriptores.pl\/efontes\/wp-json\/wp\/v2\/pages"}],"about":[{"href":"https:\/\/scriptores.pl\/efontes\/wp-json\/wp\/v2\/types\/page"}],"author":[{"embeddable":true,"href":"https:\/\/scriptores.pl\/efontes\/wp-json\/wp\/v2\/users\/1"}],"replies":[{"embeddable":true,"href":"https:\/\/scriptores.pl\/efontes\/wp-json\/wp\/v2\/comments?post=8500"}],"version-history":[{"count":2,"href":"https:\/\/scriptores.pl\/efontes\/wp-json\/wp\/v2\/pages\/8500\/revisions"}],"predecessor-version":[{"id":10369,"href":"https:\/\/scriptores.pl\/efontes\/wp-json\/wp\/v2\/pages\/8500\/revisions\/10369"}],"wp:attachment":[{"href":"https:\/\/scriptores.pl\/efontes\/wp-json\/wp\/v2\/media?parent=8500"}],"curies":[{"name":"wp","href":"https:\/\/api.w.org\/{rel}","templated":true}]}}