{"id":331,"date":"2019-11-02T20:37:46","date_gmt":"2019-11-02T19:37:46","guid":{"rendered":"http:\/\/scriptores.pl\/efontes\/?page_id=331"},"modified":"2019-12-04T00:23:24","modified_gmt":"2019-12-03T23:23:24","slug":"program-i-warsztatow-efontes-2019","status":"publish","type":"page","link":"https:\/\/scriptores.pl\/efontes\/warsztaty\/i-warsztaty-efontes\/program-i-warsztatow-efontes-2019\/","title":{"rendered":"Program I warsztat\u00f3w eFontes (2019)"},"content":{"rendered":"<h3>Program I warsztat\u00f3w eFontes (2019)<\/h3>\n<h6>Zmiany w programie Warsztat\u00f3w<\/h6>\n<p>Zmiany zostan\u0105 wkr\u00f3tce uwzgl\u0119dnione w poni\u017cszym programie warsztat\u00f3w (aktualizacja: 3 grudnia).<\/p>\n<ul>\n<li>referat prof. Krzysztofa Brachy odb\u0119dzie si\u0119 w p\u00f3\u017anopopo\u0142udniowej sesji <strong>12 grudnia<\/strong>, nie za\u015b 13 grudnia<\/li>\n<li><strong>13 grudnia<\/strong> odb\u0119dzie si\u0119 referat dr. hab. Marka Janickiego po\u015bw. \u0142aci\u0144skiej epigrafice<\/li>\n<\/ul>\n<p>&nbsp;<\/p>\n<h4 style=\"text-align: center;\">12 grudnia 2019 r., I dzie\u0144<\/h4>\n<p>[MEC id=&#8221;315&#8243;]<\/p>\n<h4 style=\"text-align: center;\">13 grudnia 2019 r., II dzie\u0144<\/h4>\n<p>[MEC id=&#8221;343&#8243;]<\/p>\n","protected":false},"excerpt":{"rendered":"<p>Program I warsztat\u00f3w eFontes (2019) Zmiany w programie Warsztat\u00f3w Zmiany zostan\u0105 wkr\u00f3tce uwzgl\u0119dnione w poni\u017cszym programie warsztat\u00f3w (aktualizacja: 3 grudnia). referat prof. Krzysztofa Brachy odb\u0119dzie si\u0119 w p\u00f3\u017anopopo\u0142udniowej sesji 12 grudnia, nie za\u015b 13 grudnia 13 grudnia odb\u0119dzie si\u0119 referat dr. hab. Marka Janickiego po\u015bw. \u0142aci\u0144skiej epigrafice &nbsp; 12 grudnia 2019 r., I dzie\u0144 [MEC [&hellip;]<\/p>\n","protected":false},"author":1,"featured_media":0,"parent":283,"menu_order":0,"comment_status":"closed","ping_status":"closed","template":"","meta":{"footnotes":""},"class_list":["post-331","page","type-page","status-publish","hentry"],"blocksy_meta":[],"aioseo_notices":[],"_links":{"self":[{"href":"https:\/\/scriptores.pl\/efontes\/wp-json\/wp\/v2\/pages\/331","targetHints":{"allow":["GET"]}}],"collection":[{"href":"https:\/\/scriptores.pl\/efontes\/wp-json\/wp\/v2\/pages"}],"about":[{"href":"https:\/\/scriptores.pl\/efontes\/wp-json\/wp\/v2\/types\/page"}],"author":[{"embeddable":true,"href":"https:\/\/scriptores.pl\/efontes\/wp-json\/wp\/v2\/users\/1"}],"replies":[{"embeddable":true,"href":"https:\/\/scriptores.pl\/efontes\/wp-json\/wp\/v2\/comments?post=331"}],"version-history":[{"count":0,"href":"https:\/\/scriptores.pl\/efontes\/wp-json\/wp\/v2\/pages\/331\/revisions"}],"up":[{"embeddable":true,"href":"https:\/\/scriptores.pl\/efontes\/wp-json\/wp\/v2\/pages\/283"}],"wp:attachment":[{"href":"https:\/\/scriptores.pl\/efontes\/wp-json\/wp\/v2\/media?parent=331"}],"curies":[{"name":"wp","href":"https:\/\/api.w.org\/{rel}","templated":true}]}}