{"id":47,"date":"2018-02-08T13:28:23","date_gmt":"2018-02-08T12:28:23","guid":{"rendered":"http:\/\/scriptores.pl\/dlugosz\/?page_id=47"},"modified":"2023-09-14T01:21:37","modified_gmt":"2023-09-13T23:21:37","slug":"narzedzia","status":"publish","type":"page","link":"https:\/\/scriptores.pl\/dlugosz\/narzedzia\/","title":{"rendered":"Korpus i narz\u0119dzia"},"content":{"rendered":"<p><\/p>\n<ul>\n<li><a href=\"http:\/\/scriptores.pl\/dlugosz\/bibliografia\/\">Bibliografia dzie\u0142 Jana D\u0142ugosza<\/a><\/li>\n<li><a href=\"https:\/\/corpus.scriptores.pl\/#open\"><strong>Korpus dzie\u0142 Jana D\u0142ugosza<\/strong><\/a><\/li>\n<li><a href=\"https:\/\/editiones.scriptores.pl\/exist\/apps\/editiones\/index.html\"><em>Annales<\/em><\/a><\/li>\n<li><a href=\"https:\/\/github.com\/novacellus\/dlugossiana\"><strong>Narz\u0119dzia analizy dzie\u0142 Jana D\u0142ugosza<\/strong><\/a><\/li>\n<\/ul>\n<p><\/p>","protected":false},"excerpt":{"rendered":"<p>Bibliografia (dost\u0119pna), wkr\u00f3tce: korpus i narz\u0119dzia<\/p>\n","protected":false},"author":1,"featured_media":0,"parent":0,"menu_order":0,"comment_status":"closed","ping_status":"closed","template":"","meta":{"footnotes":""},"class_list":["post-47","page","type-page","status-publish","hentry"],"aioseo_notices":[],"_links":{"self":[{"href":"https:\/\/scriptores.pl\/dlugosz\/wp-json\/wp\/v2\/pages\/47","targetHints":{"allow":["GET"]}}],"collection":[{"href":"https:\/\/scriptores.pl\/dlugosz\/wp-json\/wp\/v2\/pages"}],"about":[{"href":"https:\/\/scriptores.pl\/dlugosz\/wp-json\/wp\/v2\/types\/page"}],"author":[{"embeddable":true,"href":"https:\/\/scriptores.pl\/dlugosz\/wp-json\/wp\/v2\/users\/1"}],"replies":[{"embeddable":true,"href":"https:\/\/scriptores.pl\/dlugosz\/wp-json\/wp\/v2\/comments?post=47"}],"version-history":[{"count":7,"href":"https:\/\/scriptores.pl\/dlugosz\/wp-json\/wp\/v2\/pages\/47\/revisions"}],"predecessor-version":[{"id":1904,"href":"https:\/\/scriptores.pl\/dlugosz\/wp-json\/wp\/v2\/pages\/47\/revisions\/1904"}],"wp:attachment":[{"href":"https:\/\/scriptores.pl\/dlugosz\/wp-json\/wp\/v2\/media?parent=47"}],"curies":[{"name":"wp","href":"https:\/\/api.w.org\/{rel}","templated":true}]}}