{"id":41,"date":"2018-02-08T13:27:45","date_gmt":"2018-02-08T12:27:45","guid":{"rendered":"http:\/\/scriptores.pl\/dlugosz\/?page_id=41"},"modified":"2023-09-14T01:19:58","modified_gmt":"2023-09-13T23:19:58","slug":"o-projekcie","status":"publish","type":"page","link":"https:\/\/scriptores.pl\/dlugosz\/o-projekcie\/","title":{"rendered":"O projekcie"},"content":{"rendered":"<p>Celem projektu jest:<\/p>\n<ul>\n<li>stworzenie zestawu elektronicznych narz\u0119dzi do bada\u0144 nad j\u0119zykiem Jana D\u0142ugosza,<\/li>\n<li>wykorzystanie narz\u0119dzi elektronicznych w pog\u0142\u0119bionej analizie jego tw\u00f3rczo\u015bci.<\/li>\n<\/ul>\n<p>W wyniku realizacji projektu powstanie przeszukiwalny, dost\u0119pny dla wszystkich badaczy, <strong>korpus dzie\u0142<\/strong> Jana D\u0142ugosza, wyposa\u017cony w <strong>narz\u0119dzia analizy<\/strong>, a tak\u017ce seria prac naukowych przynosz\u0105cych systematyczne ilo\u015bciowe i jako\u015bciowe <strong>opracowanie j\u0119zyka<\/strong> Jana D\u0142ugosza.<br \/>\n<\/p>","protected":false},"excerpt":{"rendered":"<p>Cele, za\u0142o\u017cenia, perspektywy<\/p>\n","protected":false},"author":1,"featured_media":0,"parent":0,"menu_order":0,"comment_status":"closed","ping_status":"closed","template":"","meta":{"footnotes":""},"class_list":["post-41","page","type-page","status-publish","hentry"],"aioseo_notices":[],"_links":{"self":[{"href":"https:\/\/scriptores.pl\/dlugosz\/wp-json\/wp\/v2\/pages\/41","targetHints":{"allow":["GET"]}}],"collection":[{"href":"https:\/\/scriptores.pl\/dlugosz\/wp-json\/wp\/v2\/pages"}],"about":[{"href":"https:\/\/scriptores.pl\/dlugosz\/wp-json\/wp\/v2\/types\/page"}],"author":[{"embeddable":true,"href":"https:\/\/scriptores.pl\/dlugosz\/wp-json\/wp\/v2\/users\/1"}],"replies":[{"embeddable":true,"href":"https:\/\/scriptores.pl\/dlugosz\/wp-json\/wp\/v2\/comments?post=41"}],"version-history":[{"count":9,"href":"https:\/\/scriptores.pl\/dlugosz\/wp-json\/wp\/v2\/pages\/41\/revisions"}],"predecessor-version":[{"id":1902,"href":"https:\/\/scriptores.pl\/dlugosz\/wp-json\/wp\/v2\/pages\/41\/revisions\/1902"}],"wp:attachment":[{"href":"https:\/\/scriptores.pl\/dlugosz\/wp-json\/wp\/v2\/media?parent=41"}],"curies":[{"name":"wp","href":"https:\/\/api.w.org\/{rel}","templated":true}]}}